 Let o be m(5). Suppose 5*l - 22 - 18 = o. Suppose -3*y - 2894 = -r, l*y = 4*r + 3*y - 11583. Is r a composite number?
False
Is 67618*3/(-8)*(-20)/3 a prime number?
False
Let r = 403817 + -283385. Is (-3 - -2)/(1 + r/(-120426)) composite?
False
Let z = -88113 - -176062. Is z a composite number?
True
Let x(i) = -i**2 + i + 2. Suppose -23 = 4*h + p, 4*h + p + 21 = -2*p. Let a be x(h). Is ((-5)/(a/(-4)))/((-1)/466) prime?
True
Suppose -1703*p = -1816*p + 5400383. Is p prime?
True
Suppose 3*d - 339*v - 8767 = -335*v, -v + 11721 = 4*d. Is d a prime number?
False
Let l = 9582 + -973. Is l composite?
False
Suppose 2*f + 16 = -5*h, -4*h - 4*f - 11 = -3*f. Let r(t) = 2118*t**2 + 3*t - 1. Is r(h) a prime number?
False
Let c be (-1)/(-6) - (-3807)/486. Let a(f) = 28*f**3 - 3*f**2 - 2*f + 15. Is a(c) prime?
True
Suppose 783953 = 7*d - 4*r, 98641 = -3*d + 5*r + 434634. Is d a prime number?
False
Let m = 151 + 207. Suppose m*c - 367*c = -1035. Is c prime?
False
Suppose -2*c - 274444 = 4*x - 925834, 5*x - 20 = 0. Is c a prime number?
False
Let d be -5*1*(4 - 5). Suppose 0*n - 5*n - 35 = -d*h, 0 = 2*h + 3*n - 4. Suppose 3*a - w = -2*a + 2222, h*a - 2234 = -3*w. Is a a composite number?
True
Let f(j) = 2*j**2 - 4*j + 5. Let u = 53 - 51. Let s be f(u). Suppose 5*l + 2*v - 2043 = 0, -s = 2*v - 3. Is l composite?
False
Suppose -12*y = -23*y + 44. Suppose -y + 0 = c, 4*w = -3*c + 8368. Is w a composite number?
True
Let u = -245 - -247. Suppose g + 9564 = 3*o - 5432, -3*o = u*g - 14981. Is o a composite number?
True
Let d = -567 + 564. Is (-4 - (-88)/24)/(d/8199) prime?
True
Suppose o + b = 467, -4*b - 954 = -2*o - 2*b. Suppose -639 = -20*p - 299. Suppose p*n - 1415 = o. Is n a prime number?
False
Suppose -8*c + 2 = -110. Suppose -c*j + j + 21697 = 0. Is j composite?
False
Let u be 28/(-5 + 1)*(-12)/(-14). Let f(p) = -12*p**3 - 7*p**2 + 14. Let x be f(u). Suppose -5*a - x = -q, -1858 = -2*q + a + 2859. Is q a prime number?
False
Suppose q + 1538 = 3*q. Suppose -2*j + 4*j = 3*n - 2252, -n + q = 3*j. Let a = -497 + n. Is a composite?
False
Let b(u) = 1773*u**3 - 15*u - 21. Let y(g) = -886*g**3 + 7*g + 10. Let k(p) = 3*b(p) + 7*y(p). Is k(-2) prime?
False
Let a(h) = h**3 - 4*h**2 - 51*h - 77. Is a(41) a composite number?
False
Let h(l) = 474*l**2 - 3*l + 12. Let y be h(-8). Let i be 2/(-9) - y/(-108). Suppose 2*r + 27 - i = 0. Is r a composite number?
False
Let m(s) = 281978*s**2 - 38*s + 37. Is m(1) a prime number?
False
Suppose 0*u = 4*g + 5*u - 9740, 5*g = u + 12146. Let h = g - 1661. Is h prime?
True
Let l = -199 + -174. Let g = l - -1416. Is g a composite number?
True
Suppose 10*t = 3*t + 35. Is ((-62)/(-8))/((t/(-820))/(-1)) prime?
False
Let b(x) = x**2 + 9*x - 2. Let p be b(-8). Let t be p/6 - -1 - (-149548)/(-21). Is ((-6)/18)/(2/t) a composite number?
False
Suppose -3*c + 78 = -2*u, 0 = 3*u + c - 7 + 135. Let z = u + 46. Suppose -m = -z*m + 2697. Is m a composite number?
True
Let s = -25298 + 48665. Is s prime?
False
Let n be 16/20 + 64/20 - 1. Suppose 1 = -v, 2*h = -n*h - 4*v + 23731. Is h a composite number?
True
Is ((-274)/4)/((780/(-14680))/39) a composite number?
True
Let y = 429020 + -254877. Is y prime?
True
Let a be 2*((-495)/54 - 2/6). Let o = a - -24. Suppose 5698 - 423 = o*c. Is c composite?
True
Let a(b) = 128*b**2 + 90*b - 37. Is a(24) composite?
True
Let v = 28 - 52. Let s be 4/(-5)*(-4)/(v/(-15)). Suppose s*k + 4*r = -k + 409, -3*k - 5*r + 404 = 0. Is k a composite number?
True
Suppose -396 = 22*x - 16*x. Let f = x + 57. Is (3/f - 2/3) + 1328 prime?
True
Let f be 9/(36/8) + 8. Let q = -7 + f. Is (157*-1)/((-5)/(q + 2)) prime?
True
Is (-8 + (-343)/(-35))*5 - -53822 composite?
False
Suppose -158*l + 7042189 + 1361673 = 0. Is l composite?
False
Let q = -5355 - -4988. Let g = -1826 - -3380. Let u = q + g. Is u composite?
False
Let w(a) be the second derivative of 7*a**4 - a**3/6 - 21*a**2 - 278*a. Is w(5) a prime number?
True
Let q(t) = 2*t**2 - 4*t - 16. Let p be q(4). Let j(h) = 2*h**2 - 3*h + 4. Let n be j(p). Suppose -n*g - 3*g = -6587. Is g prime?
True
Let f = 18075 + -11788. Is f composite?
False
Is (-2253225)/(-7) - (-330)/(-1155) a composite number?
False
Suppose 9*a - 1854 - 1818 = 0. Suppose 2*t = -2*f + a + 242, f + 4*t = 331. Is f composite?
True
Let i(h) = 14*h**2 + 7*h + 12. Let t(k) = 49*k**2 + 15 - 4 + 7*k - 34*k**2. Let s(o) = -5*i(o) + 6*t(o). Is s(-4) prime?
False
Let r = -229 + 234. Suppose -d + r*m + 1715 = 0, -5*d + 4*m + 2150 = -6509. Is d composite?
True
Let w = 160 - -25. Suppose w*g = 187*g - 2830. Is g a composite number?
True
Let h be 5 - -1 - 18/24*4. Suppose 3*k + h*c - 4 = c, 4*c + 20 = k. Suppose -3617 = -3*g + 4*y, 0 = 3*g + k*y - 9*y - 3613. Is g a composite number?
True
Let u(s) = s**3 + 11*s**2 + 13*s + 25. Let r be u(-10). Is (r + 34210)*(-6)/(-10) a prime number?
False
Suppose 0 = 4*v - j - 80839, 5*v + 3*j - 1732 = 99304. Is v composite?
True
Suppose 20 - 26 = -3*n. Suppose -3*c - r + 15567 = 0, -10378 = -n*c - 3*r - 3*r. Is c a composite number?
False
Is -4*7/42 - (-5571937)/51 a composite number?
False
Let s(l) = -308*l - 85. Let b be s(3). Let u = b - -2354. Is u prime?
False
Let m(y) = 778*y**3 + 12*y**2 - 21*y - 3. Is m(2) prime?
False
Suppose m - 140098 = -5*w, 5*w + 22479 - 162580 = -2*m. Is w prime?
True
Suppose 14*b - 13 = 15. Suppose 4*u - 8 = 0, 5641 = -q + b*q + 5*u. Is q a composite number?
True
Let u be 3/12*16/4. Let y(f) = 74*f + 108*f - 48*f + 99*f - 46*f. Is y(u) a prime number?
False
Let i = 103606 + -3647. Is i prime?
False
Let i(n) = 1202*n**2 + 85*n - 341. Is i(4) composite?
False
Let i = 836321 - 298150. Is i composite?
True
Let v(p) = 3*p - 7. Let h be v(4). Suppose 35 - 15 = h*l. Suppose -z + 5*s = -487, -2*s - 2002 = -l*z - 0*z. Is z a prime number?
False
Let g(l) = -6*l**3 + 5*l**3 - 8 + 7*l**2 + 13*l - 3*l**2 + 2. Let k be g(6). Suppose k*t - 3*t + 879 = 0. Is t a composite number?
False
Suppose -56*x - 37398 = -33*x. Let i = x - -2327. Is i a prime number?
True
Let t be (28280/21 + -6)/((-4)/18). Let o = t + 9070. Is o prime?
True
Suppose 20*h + 43*h + 45*h = 18645444. Is h a prime number?
True
Let o(v) = -88*v**3 + 15*v**2 + 240*v - 57. Is o(-16) composite?
False
Suppose 3*j - j - m - 35 = 0, j - 2*m = 16. Let o(y) = -y**2 + 33*y - 11. Is o(j) prime?
False
Let h = -447990 + 989027. Is h composite?
True
Let i(a) = a**2 - 69*a + 85. Let l(p) = -68*p + 87. Let q(z) = 5*i(z) - 6*l(z). Is q(-29) a composite number?
False
Let z(m) = -809*m**3 + 120*m**2 - 8*m + 87. Is z(-8) composite?
True
Suppose 2*s - 396575 = 3*t, 58*s = 66*s + 3*t - 1586195. Is s composite?
False
Let v = 11359 + -16892. Let k = v + 8572. Is k composite?
True
Suppose 0*v = -9*v + 1404. Suppose -b + v = -78. Suppose 233*m - b*m = -381. Is m a prime number?
False
Suppose -47692 + 237009 = 3*c + 2*i, 3*c - 8*i = 189277. Is c composite?
False
Let a(y) = 100*y**3 - 6*y**2 + 36*y - 53. Is a(10) composite?
False
Let z = 23 + -11. Let u(s) = 6*s**3 - 10*s**2 + 16*s + 9. Let m(a) = 7*a**3 - 10*a**2 + 13*a + 9. Let d(c) = -5*m(c) + 6*u(c). Is d(z) a composite number?
True
Suppose -28859 + 5945 = -3*f. Suppose 5*l + 5*k - 7432 - 2108 = 0, 4*l - f = -k. Suppose -5*u + z = -2*z - l, -2*z = 5*u - 1885. Is u prime?
True
Suppose -4*q + 4 = 4*g, -6*q + 3*q - 6 = 0. Suppose -g*f + 36 = 3*f. Suppose -4*p + f*a + 364 = 3*a, -4*p - 2*a = -364. Is p a composite number?
True
Let l(b) = -b**2 - 7*b - 6. Let a be l(-5). Suppose -r = -0*u + a*u - 2700, -3*r - 12 = 0. Let y = 1083 - u. Is y prime?
False
Suppose 0 = -2*t - 3 - 107. Let m be (-1592968)/(-44) - 10/t. Suppose -8*z - 4*z = -m. Is z composite?
True
Let d = -18488 - 6080. Is (d/16)/(1/(-2)) composite?
True
Let j(z) = 2*z**3 - 4*z**2 + 3*z + 5. Suppose 4*d - 71 - 53 = 4*q, 64 = 2*d - 4*q. Let f = 38 - d. Is j(f) prime?
True
Suppose 4*o + 527*x - 525*x = 34176, 3*o + 5*x - 25646 = 0. Is o composite?
True
Let q(b) = b**3 - b**2 + 2*b + 7. Let a be q(0). Let m be a/((-42)/(-9))*20/6. Suppose -v - m*o = -634, 3233 = 5*v + o + 3*o. Is v prime?
False
Suppose 10*w = 9*w + 30. Suppose 2*f + 61 = q, f - 19 - w = -q. Is q prime?
True
Suppose 18*q = 2*h + 19*q - 27998, -41996 = -3*h - 2*q. Let t = 9557 - h. Is (1 + t/9)/(8/(-12)) composite?
False
Let j(s) = s**2 + 3*s + 26. Let m be j(-6). 